common divisor of 728 and 16?
8
What is the highest common factor of 84 and 12194?
14
What is the highest common factor of 12 and 300?
12
Calculate the highest common factor of 88 and 418.
22
Calculate the greatest common factor of 1012 and 88.
44
What is the highest common divisor of 25 and 3775?
25
Calculate the highest common divisor of 75 and 135.
15
What is the highest common divisor of 9664 and 32?
32
Calculate the greatest common factor of 9500 and 125.
125
What is the highest common factor of 39 and 12?
3
Calculate the greatest common divisor of 149 and 3.
1
What is the greatest common factor of 47 and 893?
47
Calculate the greatest common factor of 24 and 1336.
8
What is the greatest common factor of 1533 and 21?
21
What is the highest common divisor of 154 and 112?
14
What is the greatest common factor of 21 and 10157?
7
What is the highest common divisor of 52 and 78?
26
Calculate the highest common factor of 1 and 11335.
1
What is the greatest common divisor of 245 and 147?
49
Calculate the highest common divisor of 6 and 579.
3
What is the greatest common divisor of 924 and 168?
84
What is the highest common divisor of 14 and 7?
7
What is the greatest common divisor of 136 and 323?
17
Calculate the highest common divisor of 440 and 9350.
110
Calculate the highest common divisor of 820 and 20.
20
Calculate the greatest common factor of 51 and 537.
3
Calculate the greatest common divisor of 75 and 2565.
15
What is the highest common divisor of 25 and 575?
25
Calculate the greatest common factor of 3193 and 31.
31
What is the greatest common divisor of 1810 and 10?
10
Calculate the highest common factor of 10 and 9790.
10
What is the highest common divisor of 66 and 1221?
33
Calculate the highest common divisor of 570 and 2790.
30
What is the greatest common divisor of 350 and 150?
50
What is the greatest common factor of 18 and 306?
18
Calculate the highest common divisor of 5 and 3470.
5
Calculate the highest common divisor of 81 and 135.
27
Calculate the highest common factor of 32 and 352.
32
Calculate the greatest common factor of 17666 and 121.
121
What is the highest common factor of 50 and 6150?
50
Calculate the greatest common factor of 120 and 435.
15
What is the greatest common divisor of 13 and 1222?
13
Calculate the highest common factor of 10089 and 171.
171
Calculate the greatest common factor of 104 and 136.
8
Calculate the greatest common factor of 4 and 10.
2
What is the highest common divisor of 11835 and 225?
45
Calculate the greatest common factor of 6878 and 19.
19
What is the greatest common divisor of 7 and 47488?
7
Calculate the greatest common divisor of 1199 and 981.
109
Calculate the greatest common factor of 1143 and 24.
3
Calculate the greatest common divisor of 16 and 80.
16
What is the greatest common factor of 1326 and 390?
78
Calculate the highest common divisor of 11 and 14168.
11
What is the highest common divisor of 1209 and 651?
93
Calculate the highest common divisor of 27 and 36612.
27
Calculate the highest common factor of 3844 and 31.
31
What is the greatest common factor of 102 and 6?
6
What is the greatest common factor of 129 and 301?
43
Calculate the greatest common factor of 500 and 40.
20
What is the highest common factor of 735 and 63?
21
What is the greatest common factor of 4624 and 1445?
289
What is the greatest common factor of 44 and 33?
11
What is the highest common factor of 9 and 252?
9
Calculate the highest common divisor of 4891 and 73.
73
What is the greatest common factor of 28 and 56?
28
Calculate the highest common factor of 12 and 156.
12
Calculate the highest common divisor of 575 and 3335.
115
Calculate the highest common factor of 370 and 15244.
74
What is the highest common divisor of 7719 and 249?
249
What is the greatest common factor of 867 and 1054?
17
Calculate the highest common divisor of 78425 and 25.
25
Calculate the greatest common factor of 80 and 20.
20
Calculate the highest common factor of 644 and 46.
46
Calculate the highest common divisor of 943 and 322.
23
What is the highest common factor of 480 and 1248?
96
What is the greatest common factor of 7 and 7?
7
What is the greatest common divisor of 1378 and 39?
13
What is the greatest common divisor of 21209 and 167?
167
Calculate the greatest common divisor of 58 and 40252.
58
Calculate the highest common factor of 5 and 215.
5
What is the highest common divisor of 9 and 261?
9
What is the highest common divisor of 120 and 150?
30
What is the highest common divisor of 340 and 8?
4
Calculate the greatest common factor of 28 and 210.
14
Calculate the highest common factor of 120 and 210.
30
Calculate the highest common factor of 948 and 12.
12
What is the highest common divisor of 83 and 37267?
83
What is the greatest common divisor of 8 and 61144?
8
What is the greatest common divisor of 960 and 60?
60
What is the highest common factor of 6710 and 110?
110
What is the greatest common factor of 936 and 1656?
72
Calculate the highest common factor of 22 and 77.
11
What is the highest common divisor of 713 and 186?
31
Calculate the highest common factor of 165 and 33.
33
What is the highest common divisor of 3 and 101?
1
Calculate the greatest common divisor of 4009 and 513.
19
What is the highest common divisor of 425 and 100?
25
What is the greatest common divisor of 1 and 13?
1
Calculate the greatest common divisor of 250 and 20.
10
What is the highest common factor of 28 and 77?
7
Calculate the highest common factor of 2919 and 210.
21
Calculate the greatest common divisor of 207 and 1587.
69
Calculate the highest common divisor of 6665 and 2480.
155
What is the highest common factor of 6064 and 16?
16
What is the highest common factor of 168 and 238?
14
Calculate the greatest common divisor of 96 and 9000.
24
Calculate the greatest common factor of 3245 and 110.
55
Calculate the highest common factor of 38 and 342.
38
What is the greatest common factor of 285 and 165?
15
What is the greatest common divisor of 50 and 175?
25
What is the greatest common divisor of 38 and 855?
19
Calculate the highest common divisor of 5194 and 98.
98
Calculate the highest common divisor of 5874 and 712.
178
What is the highest common divisor of 3 and 171?
3
Calculate the greatest common divisor of 46 and 529.
23
Calculate the greatest common divisor of 30 and 350.
10
Calculate the highest common divisor of 128 and 976.
16
What is the greatest common factor of 42 and 5726?
14
What is the highest common divisor of 37 and 1702?
37
Calculate the greatest common factor of 9 and 252.
9
What is the highest common divisor of 458 and 68013?
229
Calculate the greatest common factor of 968 and 8.
8
Calculate the highest common factor of 92 and 2714.
46
What is the highest common factor of 4 and 230?
2
What is the highest common factor of 65 and 221?
13
Calculate the greatest common divisor of 456 and 171.
57
Calculate the greatest common divisor of 360 and 2472.
24
Calculate the highest common factor of 70 and 182.
14
Calculate the greatest common divisor of 1530 and 18.
18
Calculate the highest common factor of 1070 and 8.
2
What is the highest common factor of 372 and 2676?
12
What is the greatest common factor of 278 and 19599?
139
Calculate the greatest common divisor of 168 and 15036.
84
Calculate the greatest common factor of 5844 and 24.
12
What is the greatest common factor of 6 and 186?
6
What is the highest common factor of 1333 and 124?
31
What is the highest common divisor of 77 and 6061?
11
What is the greatest common divisor of 43 and 3311?
43
Calculate the highest common factor of 980 and 20.
20
What is the greatest common divisor of 17 and 1649?
17
What is the greatest common divisor of 3528 and 18?
18
Calculate the highest common factor of 1590 and 20.
10
Calculate the highest common factor of 17727 and 95.
19
What is the greatest common divisor of 192 and 5424?
48
Calculate the greatest common divisor of 50 and 1175.
25
Calculate the greatest common factor of 5 and 1415.
5
What is the highest common divisor of 10875 and 15?
15
What is the highest common factor of 99 and 99?
99
What is the highest common divisor of 935 and 2057?
187
Calculate the highest common divisor of 369 and 234.
9
Calculate the greatest